is the hundreds digit of n?
5
Let u = -72576 + 101610. What is the hundreds digit of u?
0
Let f(p) = 4162*p**2 + 4*p - 4. What is the tens digit of f(1)?
6
Let o(q) = 721*q + 7032. What is the units digit of o(63)?
5
Suppose 4*t = -4*t + 25*t - 164526. What is the thousands digit of t?
9
Suppose 3*y - 2*b = 12060, 2*b = -4*y + 7954 + 8126. What is the tens digit of y?
2
Let q be -3*((-125)/15 - -4)*2. Suppose -42*h + 29424 = -q*h. What is the units digit of h?
9
Suppose -421 - 6667 = -8*w. Suppose -2*v = -c - 883, 5*v + 2*c = 3*v + w. What is the hundreds digit of v?
4
Let t = 78 + -76. What is the tens digit of (-1182)/(-9) + t/(-6)?
3
Suppose -2*o + 2*d + 186 = 0, 0*d = 5*o - 3*d - 457. Suppose 0 = 5*n + 3*q - 202, 130 = 3*n + q + 3*q. Let u = o - n. What is the tens digit of u?
5
Suppose 3*l - 35 = 133. Let b(g) = g + 17. Let o be b(0). Let d = l - o. What is the tens digit of d?
3
Let y = 1046 + -529. Let p = 479 + y. Suppose 3*i + p = 7*i. What is the tens digit of i?
4
Let r be 710 + 24/(-4)*(-6)/(-12). Let w = -209 + r. What is the units digit of w?
8
Suppose -1577 - 733 = -6*l. Suppose q = 5*h + l, -242 = -2*q + 4*h + 528. What is the units digit of q?
5
What is the ten thousands digit of (-452)/(-6)*(323 + -23 - -12)?
2
Let t = -8254 + 19050. What is the tens digit of t?
9
Suppose 4*v - 92 = -2*b, b - 5*b - 46 = -2*v. Suppose v*a - 6*a = 442. What is the units digit of a?
6
Suppose 5*d - 3440 = 2870. Let j = d - 659. What is the tens digit of j?
0
Let n(z) = 653*z**3 + 3*z**2 - 8*z + 15. What is the hundreds digit of n(2)?
2
Let v = 9 + -12. Let h be (-19)/4 + v/12. Let o(a) = -15*a - 1. What is the units digit of o(h)?
4
Let x be (0/6)/(-3 - -1). Suppose x = r + 3*r - 24. What is the hundreds digit of ((-55)/(-3))/(1/(r*1))?
1
Suppose 276 = 59*k - 19. What is the hundreds digit of ((40/16)/k)/((-1)/(-3018))?
5
Let x(w) = -140*w + 2. Let t be x(-13). Suppose -5*s - 2733 = -8*s + j, -2*s + t = -j. What is the units digit of s?
1
Let i(m) = -16*m + 152. Let d be i(-14). Suppose 3*y = -2*o + 1226, 2*y + d = -o + 1195. What is the units digit of y?
2
Let m = -63 - -68. Let b be (-2)/2*(-8 + 3). Suppose 0 = 5*t - 4*c + 126 - 445, -320 = -b*t + m*c. What is the units digit of t?
3
Suppose 3*g + q - 21362 = 0, 2*g - 3648 - 10585 = q. What is the hundreds digit of g?
1
Let l = -1128 + 1715. Suppose 12*d + l = 13*d. Suppose -4*v - p + d = 0, 0 = -5*v + p - 5*p + 720. What is the units digit of v?
8
Suppose 0 = -0*y - 2*y - 96. Let l = 50 + y. Suppose l*u = -0*u + 76. What is the units digit of u?
8
Suppose -2450 = -15*z - 245. Suppose 10*n + 11*n = z. What is the units digit of n?
7
Let m = 106420 - 69576. What is the ten thousands digit of m?
3
Let p = -9 + 12. Suppose s + 34 - 99 = p*f, 30 = -f + 2*s. What is the hundreds digit of 3 + 56/f - (-1628)/10?
1
Let y = 15178 + -9783. What is the hundreds digit of y?
3
Let j be (-6)/10*150/(-5). Let w be j*(-4 - (-18)/4). What is the units digit of -3*(-22)/w*3?
2
What is the units digit of (-124)/(-1) - (-14 - -14)?
4
Suppose -3*j - 4 = -13. Suppose -2*t - 339 = -j*t. Suppose -8*l + t = 27. What is the tens digit of l?
3
Let i = 6 + -13. Let j be (i/3)/((-1)/((-18)/2)). What is the tens digit of (j - 1 - 2)*(-12)/2?
4
Let i = 12762 + 4503. What is the hundreds digit of i?
2
Suppose 2*q - 4*a - 1056 = -2*q, -5*a = q - 294. Let t = 45 + q. What is the units digit of 10/(-65) - -4*t/52?
4
What is the units digit of 10 - (6 + -12526 + 2)?
8
Let v(q) = -q**2 + 17*q - 6. Let u be (-4)/14 + (-2 - 400/(-28)). Let o be v(u). Let f = 79 - o. What is the units digit of f?
5
Let c = -1975 + 2802. Let y = -447 + c. What is the tens digit of y?
8
Let g(p) = 1100*p + 2049. What is the thousands digit of g(13)?
6
Let t be (-28)/16*(-6 + -2 + 4). Suppose 3*f + 2068 = t*f. Suppose f + 65 = 6*n. What is the units digit of n?
7
Let z = -570 - -72. What is the units digit of (-198)/27*z/4?
3
Suppose -36*u + 235505 - 75017 = 0. What is the hundreds digit of u?
4
Suppose -12*z - 5*z + 5*z = 0. Suppose z = -19*y + 17*y + 164. What is the units digit of y?
2
Let o = -311 - -313. Suppose -2*y + 1776 = 2*j, y + 2648 = j + o*j. What is the tens digit of j?
8
Let y(s) = s**2 + 3*s + 4. Suppose 7*a - 9 = -o + 3*a, -2*o + a = 9. Let i be y(o). Let l(t) = -t**3 + 7*t**2 + t + 3. What is the units digit of l(i)?
5
Suppose 25*d - 542 = -142. Suppose d*w + 21*w - 29526 = 0. What is the units digit of w?
8
Let g(l) be the second derivative of -l**3/6 + 3*l**2 + 46*l - 3. Let c be (5/2)/(-5)*0. What is the units digit of g(c)?
6
Let t(q) = q**3 + 30*q**2 + 42*q + 95. Let g be t(-30). Let v = -749 - g. What is the tens digit of v?
1
Suppose 0 = 17*b + 2*b - 4921. Suppose -j = -2*t + b, -2*t - 5*j = -371 + 82. What is the hundreds digit of t?
1
What is the thousands digit of 1596378/56*24/9 - 8?
6
Suppose 3*h = -4*g + 102478, -2*h - 28167 + 96489 = g. What is the hundreds digit of h?
1
Let j(p) = -p**2 + 9*p - 11. Let q be j(3). Suppose 2*h = 3*b + 10, -q*h + 4 = -3*h + 2*b. Suppose -h*u + 32 + 128 = 0. What is the units digit of u?
0
Let c be ((-16)/(-20))/((-2)/(-5)). Suppose -o + 10 = 5*r, 0*o - o + 2*r - 4 = 0. Suppose 17 = 2*d - 3*j, 4*d - 26 = -o*d - c*j. What is the units digit of d?
7
Let m(y) = -y**3 + y**2 + 2*y + 6. Let o be m(3). Let a(s) = 27*s**2 + 5*s - 12. What is the units digit of a(o)?
0
Suppose -4*l + 7092 + 5199 = -5*p, -4*l - p + 12297 = 0. What is the hundreds digit of l?
0
Suppose -7*c - 11 = -39. Suppose -k + 6*k - 51 = c*x, k = -2*x + 13. What is the tens digit of k?
1
Suppose 0 = 2*f - 49 + 1061. Let t = f - -810. What is the tens digit of t?
0
Suppose -79 + 25 = -3*y. Let f = y - 15. Suppose 2*g - 2*c - 130 = 0, -f*c = g - 5*c - 68. What is the tens digit of g?
6
Suppose 2*t + 6039 - 23949 = 4*n, -3*t = 4*n - 26885. What is the tens digit of t?
5
What is the units digit of ((-4131)/2295)/((-6)/32420 + 0)?
6
Let l be (428 + 0 - 1) + (-201)/(-67). Suppose 6*d + l = 2302. What is the tens digit of d?
1
Suppose -9*x = 13*x - 3960. Suppose -179*u = -x*u + 373. What is the units digit of u?
3
Let m(f) = 1479*f - 640. What is the tens digit of m(10)?
5
Suppose 0 = 53*f - 178722 - 20028. What is the units digit of f?
0
What is the units digit of (-8)/(-12) + (-22948)/(-12)?
3
Let p = 86 - 48. Suppose 3*h - 6 = 3*x, 0 = -4*x - 0*h - 2*h - p. Let j(q) = -q**3 - 7*q**2 - 5*q + 8. What is the tens digit of j(x)?
4
Suppose -2*u = -u. Let t(d) = d**2 - 4*d - 2. Let k be t(-6). Let x = k + u. What is the tens digit of x?
5
Suppose 58*l - 341681 = 446922 - 184997. What is the thousands digit of l?
0
Let p = -6018 - -9704. What is the units digit of p?
6
Suppose -20*g - 1407 = -11167. What is the units digit of g?
8
Let y = -2719 + 3516. What is the hundreds digit of y?
7
Suppose y - 174826 = -3*u, -54*y + 174818 = 3*u - 49*y. What is the thousands digit of u?
8
Let k(d) = -d + 49. Let p be k(34). What is the hundreds digit of p/(45/6) - (-997 - 1)?
0
Suppose 0 = 9*g - 12675 - 22371. What is the thousands digit of g?
3
Let j(i) = -i**2 + 7. Let d be j(7). Let m = -34 - d. Let n = m + -4. What is the units digit of n?
4
Let o(f) = -304 + 124 - 53*f + 120 + 104. What is the hundreds digit of o(-2)?
1
Suppose -3*x + 12352 + 914 = 0. What is the tens digit of x?
2
Let x = -460 + 494. Suppose x*z - 18757 = 21227. What is the thousands digit of z?
1
What is the tens digit of 16/6*(-138)/92 + 6790?
8
Let y(g) = 10*g + 121. Let b be y(13). Let v = 425 - b. What is the tens digit of v?
7
Suppose -18683 + 816571 = -293*l + 325*l. What is the tens digit of l?
3
Let k(m) = 79*m**2 - 3*m - 4. Let p be k(-1). Let s = p + -3. Suppose 2*r - s = 13. What is the units digit of r?
4
Suppose -3*l = 6*l - 27. Suppose -2*x + l*s = 2*s - 772, 0 = -3*x - s + 1158. Suppose 4*r - x - 78 = 3*q, 5*q - 139 = -r. What is the tens digit of r?
1
Let v = -55 + 58. Suppose 0 = h - v*w - 21, 0*w + 4*w - 10 = -5*h. What is the units digit of 1/(h/558)*1?
3
Suppose 0 = u, -2*b + 0*u = -3*u - 228. Suppose -111*g = -b*g - 90. What is the tens digit of (-18)/g - (-682)/5?
3
Suppose -1009450 = 468*i - 493*i. What is the tens digit of i?
7
Suppose 0 = 1148*z - 1154*z + 18046 + 7652. What is the units digit of z?
3
Let c(x) be the second derivative of 193*x**3/6